 10 - g. Let a = r - 8. What is the units digit of a?
0
Let d be 216/(-32)*(-20)/1. Suppose 5*s = 4*r - d, -2*s = 3*r - 35 - 72. What is the tens digit of r?
3
Let r be (-277)/(-4) + (-5)/20. Suppose 0 = -4*q + 27 + r. What is the tens digit of q?
2
Let h(t) = 6*t + 1. Let q(z) = 13*z + 1. Let y(b) = 5*h(b) - 2*q(b). What is the units digit of y(4)?
9
Let a = -12 + 32. Suppose 3*s = 2*y, -a = -6*s + 2*s - 4*y. What is the units digit of (-9)/s*2/(-3)?
3
Let d be (-16)/16 + (0 - 28). Let p be (-18)/4*(-10)/1. Let q = d + p. What is the units digit of q?
6
Let a = 87 + -52. What is the tens digit of a?
3
Let h be 2/(-9) - 2/(-9). Let o = 4 + h. What is the units digit of o?
4
Let k be (-5 + 4)*(1 + 1). What is the units digit of (7 + 51)*k/(-4)?
9
Let o(m) = 10*m - 29. What is the units digit of o(7)?
1
What is the tens digit of (119/51)/(1/33)?
7
Let d be 4 - 1*(0 + 2). Let c(f) = -f**d + 2*f + 8*f**2 - 1 - f. What is the units digit of c(1)?
7
Let v(h) = 2*h - 3 + 4 - h. What is the units digit of v(4)?
5
Suppose -3*y - 3 = 2*l - l, 2*l - 4*y = 14. Suppose -l*f + 165 = 2*f. What is the tens digit of f?
3
Let q(w) = -w**3 - 4*w**2 - 4*w + 1. Let g be q(-3). Let m = g - -12. What is the tens digit of m?
1
Suppose 46 = 5*k - 4. Suppose -30 + k = -4*u. Suppose 20 = u*b - b. What is the units digit of b?
5
What is the tens digit of 4/(-14) + (-1026)/(-63)?
1
What is the units digit of (-304)/(-12) - (-5)/(-15)?
5
Let o = -17 + 210. What is the units digit of o?
3
Let q(p) = -2*p + 81. Let t be q(0). Suppose 5*h - 72 = w, 5*h + 0*h = -2*w + t. What is the units digit of h?
5
Let o(c) = -c**2 - 5*c + 1. Let b be o(-4). Suppose -5*m + 24 + 1 = 0. Suppose -m*d = -b*z - 10, -5*z = 5*d - z - 37. What is the units digit of d?
5
Suppose 62 = 3*s + 2*l, -64 = -3*s + l - 14. Suppose -5*g - 2*z - z = -42, -3*z = -5*g + s. What is the units digit of g?
6
Let s = -51 + 99. What is the tens digit of s?
4
Let h(k) = k**3 + 7*k**2 + 9*k + 9. Let n be h(-6). Let l = 18 + n. What is the units digit of l?
9
Suppose 2*x + 12 = -3*f, x - 5*f = -f - 6. Let a be (20/x)/(12/(-18)). Suppose 0*n - 30 = -a*n. What is the units digit of n?
6
What is the tens digit of (-2)/3 + (-98)/(-3)?
3
Let u = 564 + -352. What is the units digit of u?
2
Let u(l) = 2*l**2 + 2*l. Let s(v) = -v. Let b(i) = -3*s(i) - u(i). Let k be b(-1). What is the units digit of 3 + k + (-10)/(-1)?
0
What is the units digit of (-1)/(1/8*-1)?
8
Suppose t = 2*t - 192. What is the units digit of t?
2
Suppose 0 = -5*o + 2*o + 4*n - 20, -5*o = n - 5. Let i be o - -4 - (-4)/(-2). Suppose -3 = i*a - 11. What is the units digit of a?
4
Let w(n) = -n**3 - 7*n**2 - 7. Suppose -2*v - 39 = 5*i, 16 = -3*v + 2*i - i. Let l be w(v). What is the units digit of l/(-1 + (-2 - -2))?
7
Let t = 194 - 56. What is the units digit of t?
8
Let p(d) = -d**2 - 7*d - 4. What is the units digit of p(-3)?
8
Let s(f) = -f**3 - 10*f**2 - 9*f + 9. Let w be s(-9). What is the units digit of ((-30)/w)/(4/(-30))?
5
Let w = 36 + -18. What is the tens digit of w?
1
What is the units digit of 33/2*32/24?
2
What is the hundreds digit of 300*((-2)/4 - (-21)/18)?
2
Suppose v - 6 = -1. Suppose v*y + 10 + 35 = 0. Let c = y - -11. What is the units digit of c?
2
Let l(g) = -g + 5. Let v be l(5). Suppose -r = -v*r - 12. Suppose -3*k = r, k + 1 = -4*i + i. What is the units digit of i?
1
Suppose -5*l + 50 = -5*o, 2*o = -2*l + 12 - 0. Let p = 8 + -6. Suppose p*j + l = 3*j. What is the units digit of j?
8
Let c be 5*2/15*-3. Let l be 1 - ((-6)/c - 2). Suppose l = 3*a - a - 18. What is the units digit of a?
9
Suppose -2*l + 85 = 1. What is the tens digit of l?
4
Let j be 1/(-5 + 1 + 3). What is the tens digit of 0 + j - (-15 + -11)?
2
Let p = -5 + 3. What is the units digit of p*(-15)/(-18)*-3?
5
Let z(n) = -n**3 + 9*n**2 + 4*n + 3. What is the tens digit of z(9)?
3
Let i = -422 + 706. What is the hundreds digit of i?
2
Suppose 0 = 4*j + j + 5. What is the tens digit of j - 4/((-4)/15)?
1
Let g(p) = -p + 17. What is the units digit of g(10)?
7
Let t = -82 - -26. What is the units digit of t/(-2) + 0 + 2?
0
Suppose 0 = o + 3 - 8. Let x = o - -10. Let f = 31 - x. What is the tens digit of f?
1
Suppose r = -5*q + 12, 0 = 2*q + 3*q + 5*r. Suppose -4*x - 10 = -5*c, -2*c + 5*c + q*x - 33 = 0. Let v = 14 - c. What is the units digit of v?
8
Let t(c) = -c**3 - 5*c**2 + c + 2. Let k be t(-5). What is the units digit of (-1)/k*3 - -7?
8
Suppose 0 = 2*d + 1 - 33. Suppose 3*n = 5*p - d, 0*p - 40 = -5*p - 5*n. Suppose -i + 18 = -0*i + 3*l, 2*i - p*l = 14. What is the units digit of i?
2
Let s be (-36)/3*(-1)/(-3). Let y(v) = -7*v + 1. What is the units digit of y(s)?
9
Suppose 2 = -5*q + 27. Let o be (-6)/15 + 32/q. What is the units digit of 46/o - 2/(-6)?
8
What is the tens digit of 1797/12 + (-4)/(-16)?
5
Suppose -15 = 4*t - 23. What is the tens digit of 3 - t - (7 + -23)?
1
What is the units digit of 24*(1 + (-4)/8)?
2
Suppose 0 = -5*f + 2*k + 252, -2*k + 52 = f - 4*k. Suppose -4*n + f = -42. What is the units digit of n?
3
Let c(v) = -3*v - 1. Let a be c(1). Let o = -11 - a. Let s(t) = t**3 + 6*t**2 - 8*t + 3. What is the units digit of s(o)?
0
Let b = 277 - 123. What is the tens digit of b?
5
Suppose -49*g + 48*g = -249. What is the tens digit of g?
4
Let h = 2 + -8. Let x(b) = -b + 2. Let k be x(11). Let a = h - k. What is the units digit of a?
3
Suppose -u + 4 = 0, 0*l = -4*l + u. Let r(q) = 17*q**2 - 2*q + 1. What is the tens digit of r(l)?
1
Suppose 55 = -i - 2*x, 3*x + 35 + 19 = -i. Let t = i + 90. What is the tens digit of t?
3
Let x(l) be the first derivative of l**4/4 + 5*l**3/3 + 5*l + 3. What is the units digit of x(-5)?
5
Suppose -228 = -3*m + 3*c, m - 2*c - 90 = -10. What is the units digit of m?
2
Suppose 5*n - 132 - 283 = 0. What is the tens digit of n?
8
Let j(m) = -m**3 - 10*m**2 - 7*m + 12. Let c be j(-9). What is the tens digit of (20/(-3))/(c/9)?
1
Suppose 6 = -g + 3*g. What is the units digit of g?
3
Let p be 0/(3 + -4) + 0. Suppose 4*h + 5*d - 127 = p, -3*h + 5*d - 48 = -152. What is the tens digit of h?
3
Suppose -p = -0*p - 22. Let q = -3 + p. What is the tens digit of q?
1
Let b(r) = 0*r**2 + 2 - 4*r**2 + r**2. Let k be b(2). Let w = k - -15. What is the units digit of w?
5
Let l(d) = d**2 + 5*d - 15. What is the units digit of l(5)?
5
What is the tens digit of (46/(-3))/((12/342)/(-1))?
3
Let w(i) = i**3 - i**2. Let a be w(1). Let p be 1 - (1 + a - 2). Suppose -m + p*m = 19. What is the units digit of m?
9
Let x(f) = -10*f + 3. Let r be x(4). Let o = -25 - r. What is the tens digit of o?
1
Suppose -5*m = 0, 2*v - 2*m - 44 = 3*m. Let d = -15 + v. What is the units digit of d?
7
Let d(c) = c - c**2 - 9*c - c - 9. Let r be (-1)/(-4) + (-116)/16. What is the units digit of d(r)?
5
Suppose -30*d + 2772 = -19*d. What is the tens digit of d?
5
Suppose -5*g - 5*v + 4 = -16, 5*v + 22 = 2*g. What is the units digit of (76/3)/(4/g)?
8
Let j(r) = -2 - 2*r**2 + 0*r**3 + 0*r**2 - r**2 - 2*r**3 + 3*r. What is the units digit of j(-3)?
6
Suppose 2 = 3*y - 4. Suppose 0*n - 44 = -y*n. What is the units digit of n?
2
Let t(g) = -g - 3. Let r be t(-4). What is the tens digit of ((-3)/9)/(r/(-42))?
1
Suppose -4*r + 145 = 5*l, 0 = 5*r + 2*l - 139 - 55. What is the tens digit of r?
4
Let l = 1 - -3. What is the tens digit of (-450)/(-42) + l/14?
1
Let y = -315 - -478. Let h = y + -82. What is the units digit of h/(-3)*(-1)/3?
9
Let i(v) be the second derivative of -v**5/5 - v**4/4 + v**2/2 - 4*v. What is the units digit of i(-2)?
1
Let g(l) be the first derivative of l - 2 + l**3 + 1/2*l**2. What is the units digit of g(-1)?
3
Let t = 157 - -36. What is the units digit of t?
3
Suppose 0 = 2*q - 3*n - 95, -4*q + 0*q + 187 = -5*n. What is the units digit of q?
3
Suppose -5*p + 3*l = -12, 4*p - 8 - 9 = -5*l. Let w be (-2 - 3)/(p + -4). Suppose -d + 7 = -2*d - 3*i, -3*d + 35 = -w*i. What is the units digit of d?
5
Let u(q) = 4*q + 23. What is the units digit of u(10)?
3
Let s(p) = -1 - 4 + 0 + p. Let t be s(3). What is the units digit of 5 - (0 - 0/t)?
5
Suppose -x - 11 = 4*m, -2*m - 6 = -0*m. Let v = 7 + x. Suppose 2*k - 4*d - 1 = 7, -v = -2*d. What is the tens digit of k?
1
Let o be 3/12 - 39/(-4). Suppose -2*y + 20 = -4*l - o, 2*y = 3*l + 27. Let w = -3 + 